{"id":152,"date":"2016-12-29T16:04:11","date_gmt":"2016-12-29T15:04:11","guid":{"rendered":"https:\/\/www.gmv-lohr.de\/?page_id=152"},"modified":"2023-06-08T11:51:15","modified_gmt":"2023-06-08T09:51:15","slug":"volltexte-zur-stadt-und-regionalgeschichte","status":"publish","type":"page","link":"https:\/\/gmv-lohr.de\/index.php\/stadtgeschichte\/volltexte-zur-stadt-und-regionalgeschichte\/","title":{"rendered":"Volltexte zur Stadt- und Regionalgeschichte"},"content":{"rendered":"<p>Im Format von pdf-Dateien oder als Link finden Sie hier \u00e4ltere und neuere Texte zur Stadt- und Regionalgeschichte.<\/p>\n<p>Wenn Sie diese benutzen, geben Sie bitte die originale Quelle und diese Website an. Danke!<\/p>\n<p>&nbsp;<\/p>\n<p><a href=\"https:\/\/www.gmv-lohr.de\/wp-content\/uploads\/2022\/02\/Neustadt-a.-M._Mag-Arbeit-B.Kita_2007.pdf\" target=\"_blank\" rel=\"noopener\"><strong>Zur Baugeschichte des Klosters Neustadt<\/strong><\/a><\/p>\n<p>\u00dcber das Kloster Neustadt gibt es noch viel zu erz\u00e4hlen. Hier finden Sie die umfassendste Darstellung zur Baugeschichte, die die Autorin Birgit KITA freundlicher Weise zur Verf\u00fcgung gestellt hat. Besonders wichtig: Die Beschreibung des heutigen Kirchenbaus.<\/p>\n<p><strong>Die Grafen von Rieneck:<\/strong><\/p>\n<p>1. Zur Grafschaft Rieneck im Historischen Lexikon Bayerns: <a href=\"https:\/\/www.historisches-lexikon-bayerns.de\/Lexikon\/Rieneck,_Grafen_von\" target=\"_blank\" rel=\"noopener noreferrer\">Grafen von Rieneck<\/a> und zur <a href=\"https:\/\/www.historisches-lexikon-bayerns.de\/Lexikon\/Rieneck,_Grafschaft\" target=\"_blank\" rel=\"noopener noreferrer\">Grafschaft Rieneck<\/a><\/p>\n<p>2. Zur Grafschaft Rieneck in den B\u00e4nden der Residenzenforschung: Ruf, Theodor: Rieneck. In: Paravicini, Werner (Hg.) \/ Hirschbiegel Jan \/ Orlowska Anna Paulina \/ Wettlaufer J\u00f6rg (Bearb.): H\u00f6fe und Residenzen im sp\u00e4tmittelalterlichen Reich. Grafen und Herren. Teilband 2. Ostfildern 2012, S. 1182-1186. Online verf\u00fcgbar unter: <a href=\"https:\/\/adw-goe.de\/digitale-bibliothek\/hoefe-und-residenzen-im-spaetmittelalterlichen-reich\/id\/rf15_IV-3536\/?\" target=\"_blank\" rel=\"noopener\">Rieneck<\/a><\/p>\n<p>3. Die Geschichte der Grafen von Rieneck als &#8222;Creative Writing&#8220;: Theodor Ruf: Schwanenritter. Aschaffenburg 1994. <a href=\"https:\/\/www.gmv-lohr.de\/wp-content\/uploads\/2020\/11\/Schwanenritter.pdf\">SCHWANENRITTER<\/a><br \/>\nDas Original ist evtl. noch bei der Stadtverwaltung Rieneck erh\u00e4ltlich.<br \/>\n4. <strong>&#8211; Die Dissertation des Verfassers &#8222;Die Grafen von Rieneck. Genealogie und Territorienbildung&#8220;, zwei B\u00e4nde, W\u00fcrzburg 1984, ist nur noch selten antiquarisch erh\u00e4ltlich. Die pdf-Dateien sind zu gro\u00df, um sie auf die Homepage zu setzen. Wenn Sie Interesse haben, werden sie Ihnen gerne zugesandt. Mail an: <a href=\"mailto:TheodorRuf@t-online.de\" target=\"_blank\" rel=\"noopener noreferrer\">TheodorRuf@t-online.de<\/a>.<\/strong><\/p>\n<p>&nbsp;<\/p>\n<p><strong>Weiteres:<br \/>\nEine sch\u00f6ne Geschichte:<br \/>\n<strong>&#8211; Ludwig Bechstein: Eine Nacht im Spessartwalde. Aus: Spessartgeschichten 1, S. 76-80<\/strong><\/strong><\/p>\n<p><a href=\"https:\/\/www.gmv-lohr.de\/wp-content\/uploads\/2016\/12\/Bechstein.pdf\" target=\"_blank\" rel=\"noopener noreferrer\">Bechstein<\/a><\/p>\n<p>&nbsp;<\/p>\n<p><strong>Zwei Aufs\u00e4tze aus dem &#8222;Lohrer Jahrbuch Ausgabe 7, 2018&#8220;:<\/strong><\/p>\n<p><a href=\"https:\/\/www.gmv-lohr.de\/wp-content\/uploads\/2020\/01\/Portr\u00e4t-Philipp-III.pdf\">Ein Portr\u00e4t des Grafen Philipp III. von Rieneck<\/a><\/p>\n<p><a href=\"https:\/\/www.gmv-lohr.de\/wp-content\/uploads\/2020\/01\/GRABMAL-DIENHEIM.pdf\">Das Grabmal des Philipp von Dienheim (gest. 1572) in der Pfarrkirche Lohr a. Main<\/a><\/p>\n<p>&nbsp;<\/p>\n<p><strong>In den Jahren 1721 &#8211; 1759 schrieb der Lohrer B\u00fcrger Johann Christoph Endre\u00df historische Aufzeichnungen, die 1891 ver\u00f6ffentlicht wurden und eine wichtige Quelle zur Stadtgeschichte sind<\/strong><br \/>\n<a href=\"https:\/\/www.gmv-lohr.de\/wp-content\/uploads\/2020\/01\/Endre\u00df.pdf\">Johann Christoph Endre\u00df 1721-1759<\/a><br \/>\nZum Klimawandel:<br \/>\n<strong>Die Hagelunwetter von 1886<\/strong><br \/>\n<a href=\"https:\/\/www.gmv-lohr.de\/wp-content\/uploads\/2020\/01\/Hagelunwetter1886.pdf\">Josef Harth: Die Hagelunwetter von 1886<\/a><\/p>\n","protected":false},"excerpt":{"rendered":"<p>Im Format von pdf-Dateien oder als Link finden Sie hier \u00e4ltere und neuere Texte zur Stadt- und Regionalgeschichte. Wenn Sie diese benutzen, geben Sie bitte die originale Quelle und diese Website an. Danke! &nbsp; Zur Baugeschichte des Klosters Neustadt \u00dcber das Kloster Neustadt gibt es noch viel zu erz\u00e4hlen. Hier finden Sie die umfassendste Darstellung [&hellip;]<\/p>\n","protected":false},"author":1,"featured_media":0,"parent":148,"menu_order":0,"comment_status":"closed","ping_status":"closed","template":"","meta":{"footnotes":""},"_links":{"self":[{"href":"https:\/\/gmv-lohr.de\/index.php\/wp-json\/wp\/v2\/pages\/152"}],"collection":[{"href":"https:\/\/gmv-lohr.de\/index.php\/wp-json\/wp\/v2\/pages"}],"about":[{"href":"https:\/\/gmv-lohr.de\/index.php\/wp-json\/wp\/v2\/types\/page"}],"author":[{"embeddable":true,"href":"https:\/\/gmv-lohr.de\/index.php\/wp-json\/wp\/v2\/users\/1"}],"replies":[{"embeddable":true,"href":"https:\/\/gmv-lohr.de\/index.php\/wp-json\/wp\/v2\/comments?post=152"}],"version-history":[{"count":66,"href":"https:\/\/gmv-lohr.de\/index.php\/wp-json\/wp\/v2\/pages\/152\/revisions"}],"predecessor-version":[{"id":2265,"href":"https:\/\/gmv-lohr.de\/index.php\/wp-json\/wp\/v2\/pages\/152\/revisions\/2265"}],"up":[{"embeddable":true,"href":"https:\/\/gmv-lohr.de\/index.php\/wp-json\/wp\/v2\/pages\/148"}],"wp:attachment":[{"href":"https:\/\/gmv-lohr.de\/index.php\/wp-json\/wp\/v2\/media?parent=152"}],"curies":[{"name":"wp","href":"https:\/\/api.w.org\/{rel}","templated":true}]}}