{"id":156,"date":"2016-12-29T16:05:28","date_gmt":"2016-12-29T15:05:28","guid":{"rendered":"https:\/\/www.gmv-lohr.de\/?page_id=156"},"modified":"2023-06-08T11:51:15","modified_gmt":"2023-06-08T09:51:15","slug":"stadtfuehrer","status":"publish","type":"page","link":"https:\/\/gmv-lohr.de\/index.php\/stadtgeschichte\/stadtfuehrer\/","title":{"rendered":"Stadtf\u00fchrer"},"content":{"rendered":"<p>&nbsp;<\/p>\n<p style=\"text-align: center;\">Alles Wissenswerte \u00fcber die Geschichte der Stadt erfahren Sie im neuen Stadtf\u00fchrer von Josef G. Harth.<\/p>\n<p>&nbsp;<\/p>\n<div align=\"center\"><img decoding=\"async\" style=\"max-width: 100%; height: auto;\" src=\"https:\/\/www.gmv-lohr.de\/wp-content\/uploads\/2016\/12\/STADTF\u00dcHRER-1-627x1024.jpeg\" alt=\"\" width=\"343\" \/> <img decoding=\"async\" style=\"max-width: 100%; height: auto;\" src=\"https:\/\/www.gmv-lohr.de\/wp-content\/uploads\/2016\/12\/STADTF\u00dcHRER-2-628x1024.jpeg\" alt=\"\" width=\"343\" \/><\/div>\n<p>&nbsp;<\/p>\n<p style=\"text-align: center;\">Erh\u00e4ltlich im Buchhandel (ISBN 978-3944413129) und in der Touristinformation Lohr f\u00fcr \u20ac 9,80.<\/p>\n","protected":false},"excerpt":{"rendered":"<p>&nbsp; Alles Wissenswerte \u00fcber die Geschichte der Stadt erfahren Sie im neuen Stadtf\u00fchrer von Josef G. Harth. &nbsp; &nbsp; Erh\u00e4ltlich im Buchhandel (ISBN 978-3944413129) und in der Touristinformation Lohr f\u00fcr \u20ac 9,80.<\/p>\n","protected":false},"author":1,"featured_media":0,"parent":148,"menu_order":0,"comment_status":"closed","ping_status":"closed","template":"","meta":{"footnotes":""},"_links":{"self":[{"href":"https:\/\/gmv-lohr.de\/index.php\/wp-json\/wp\/v2\/pages\/156"}],"collection":[{"href":"https:\/\/gmv-lohr.de\/index.php\/wp-json\/wp\/v2\/pages"}],"about":[{"href":"https:\/\/gmv-lohr.de\/index.php\/wp-json\/wp\/v2\/types\/page"}],"author":[{"embeddable":true,"href":"https:\/\/gmv-lohr.de\/index.php\/wp-json\/wp\/v2\/users\/1"}],"replies":[{"embeddable":true,"href":"https:\/\/gmv-lohr.de\/index.php\/wp-json\/wp\/v2\/comments?post=156"}],"version-history":[{"count":24,"href":"https:\/\/gmv-lohr.de\/index.php\/wp-json\/wp\/v2\/pages\/156\/revisions"}],"predecessor-version":[{"id":1101,"href":"https:\/\/gmv-lohr.de\/index.php\/wp-json\/wp\/v2\/pages\/156\/revisions\/1101"}],"up":[{"embeddable":true,"href":"https:\/\/gmv-lohr.de\/index.php\/wp-json\/wp\/v2\/pages\/148"}],"wp:attachment":[{"href":"https:\/\/gmv-lohr.de\/index.php\/wp-json\/wp\/v2\/media?parent=156"}],"curies":[{"name":"wp","href":"https:\/\/api.w.org\/{rel}","templated":true}]}}