{"id":166,"date":"2016-12-29T16:06:40","date_gmt":"2016-12-29T15:06:40","guid":{"rendered":"https:\/\/www.gmv-lohr.de\/?page_id=166"},"modified":"2023-06-08T11:50:53","modified_gmt":"2023-06-08T09:50:53","slug":"hist-organisationen-der-region","status":"publish","type":"page","link":"https:\/\/gmv-lohr.de\/index.php\/hist-organisationen-der-region\/","title":{"rendered":"Hist. Organisationen der Region"},"content":{"rendered":"<p style=\"text-align: center;\"><img loading=\"lazy\" decoding=\"async\" class=\"aligncenter size-large wp-image-633\" style=\"max-width: 100%; width: auto; height: auto;\" src=\"https:\/\/www.gmv-lohr.de\/wp-content\/uploads\/2016\/12\/SA_N\u00fcrnberg_Pfinzing_1562_94w-1024x713.jpg\" alt=\"\" width=\"1024\" height=\"713\" srcset=\"https:\/\/gmv-lohr.de\/wp-content\/uploads\/2016\/12\/SA_N\u00fcrnberg_Pfinzing_1562_94w-1024x713.jpg 1024w, https:\/\/gmv-lohr.de\/wp-content\/uploads\/2016\/12\/SA_N\u00fcrnberg_Pfinzing_1562_94w-300x209.jpg 300w, https:\/\/gmv-lohr.de\/wp-content\/uploads\/2016\/12\/SA_N\u00fcrnberg_Pfinzing_1562_94w-768x535.jpg 768w\" sizes=\"(max-width: 1024px) 100vw, 1024px\" \/><\/p>\n<p style=\"text-align: center;\">StA N\u00fcrnberg: Historische Karte des Spessarts (1562) Seite 41 des &#8222;Pfinzing-Atlas von 1594. <a href=\"https:\/\/upload.wikimedia.org\/wikipedia\/commons\/d\/db\/SA_N\u00fcrnberg_Pfinzing_1562_94w.jpg\" target=\"_blank\" rel=\"noopener\"><em>Gr\u00f6\u00dfer<\/em><\/a><\/p>\n<h6 style=\"text-align: center;\">https:\/\/upload.wikimedia.org\/wikipedia\/commons\/d\/db\/SA_N\u00fcrnberg_Pfinzing_1562_94w.jpg<\/h6>\n","protected":false},"excerpt":{"rendered":"<p>StA N\u00fcrnberg: Historische Karte des Spessarts (1562) Seite 41 des &#8222;Pfinzing-Atlas von 1594. Gr\u00f6\u00dfer https:\/\/upload.wikimedia.org\/wikipedia\/commons\/d\/db\/SA_N\u00fcrnberg_Pfinzing_1562_94w.jpg<\/p>\n","protected":false},"author":1,"featured_media":0,"parent":0,"menu_order":0,"comment_status":"closed","ping_status":"closed","template":"","meta":{"footnotes":""},"_links":{"self":[{"href":"https:\/\/gmv-lohr.de\/index.php\/wp-json\/wp\/v2\/pages\/166"}],"collection":[{"href":"https:\/\/gmv-lohr.de\/index.php\/wp-json\/wp\/v2\/pages"}],"about":[{"href":"https:\/\/gmv-lohr.de\/index.php\/wp-json\/wp\/v2\/types\/page"}],"author":[{"embeddable":true,"href":"https:\/\/gmv-lohr.de\/index.php\/wp-json\/wp\/v2\/users\/1"}],"replies":[{"embeddable":true,"href":"https:\/\/gmv-lohr.de\/index.php\/wp-json\/wp\/v2\/comments?post=166"}],"version-history":[{"count":17,"href":"https:\/\/gmv-lohr.de\/index.php\/wp-json\/wp\/v2\/pages\/166\/revisions"}],"predecessor-version":[{"id":2293,"href":"https:\/\/gmv-lohr.de\/index.php\/wp-json\/wp\/v2\/pages\/166\/revisions\/2293"}],"wp:attachment":[{"href":"https:\/\/gmv-lohr.de\/index.php\/wp-json\/wp\/v2\/media?parent=166"}],"curies":[{"name":"wp","href":"https:\/\/api.w.org\/{rel}","templated":true}]}}