{"id":59,"date":"2016-12-29T15:47:38","date_gmt":"2016-12-29T14:47:38","guid":{"rendered":"https:\/\/www.gmv-lohr.de\/?page_id=59"},"modified":"2024-06-02T22:54:32","modified_gmt":"2024-06-02T20:54:32","slug":"richtlinien-fuer-veroeffentlichungen","status":"publish","type":"page","link":"https:\/\/gmv-lohr.de\/index.php\/publikationen\/richtlinien-fuer-veroeffentlichungen\/","title":{"rendered":"Richtlinien f\u00fcr Ver\u00f6ffentlichungen"},"content":{"rendered":"<p><strong>Richtlinien bei Ver\u00f6ffentlichungen des GMV<\/strong><\/p>\n<p>Die \u00fcblichen Richtlinien f\u00fcr Ver\u00f6ffentlichungen sollen eingehalten werden. Wichtig ist, Aussagen durch Nachweise zu belegen. Wenn Sie Texte zur Ver\u00f6ffentlichung anbieten wollen, werden wir sie gerne pr\u00fcfen und mit Ihnen Kontakt aufnehmen. Orientieren k\u00f6nnen Sie sich an den Richtlinien des <a href=\"https:\/\/wdgv.bistum-wuerzburg.de\/fileadmin\/Bistum_Folgeseiten\/WDGV\/2022-09-16_WDGB-Zitierrichtlinien_Endfassung.pdf\">W\u00fcrzburger Di\u00f6zesangeschichtsvereins<\/a>.<\/p>\n<p>Diese klingen zwar kompliziert, sind aber sehr hilfreich.<\/p>\n","protected":false},"excerpt":{"rendered":"<p>Richtlinien bei Ver\u00f6ffentlichungen des GMV Die \u00fcblichen Richtlinien f\u00fcr Ver\u00f6ffentlichungen sollen eingehalten werden. Wichtig ist, Aussagen durch Nachweise zu belegen. Wenn Sie Texte zur Ver\u00f6ffentlichung anbieten wollen, werden wir sie gerne pr\u00fcfen und mit Ihnen Kontakt aufnehmen. Orientieren k\u00f6nnen Sie sich an den Richtlinien des W\u00fcrzburger Di\u00f6zesangeschichtsvereins. Diese klingen zwar kompliziert, sind aber sehr hilfreich.<\/p>\n","protected":false},"author":1,"featured_media":0,"parent":99,"menu_order":0,"comment_status":"closed","ping_status":"closed","template":"","meta":{"footnotes":""},"_links":{"self":[{"href":"https:\/\/gmv-lohr.de\/index.php\/wp-json\/wp\/v2\/pages\/59"}],"collection":[{"href":"https:\/\/gmv-lohr.de\/index.php\/wp-json\/wp\/v2\/pages"}],"about":[{"href":"https:\/\/gmv-lohr.de\/index.php\/wp-json\/wp\/v2\/types\/page"}],"author":[{"embeddable":true,"href":"https:\/\/gmv-lohr.de\/index.php\/wp-json\/wp\/v2\/users\/1"}],"replies":[{"embeddable":true,"href":"https:\/\/gmv-lohr.de\/index.php\/wp-json\/wp\/v2\/comments?post=59"}],"version-history":[{"count":7,"href":"https:\/\/gmv-lohr.de\/index.php\/wp-json\/wp\/v2\/pages\/59\/revisions"}],"predecessor-version":[{"id":2430,"href":"https:\/\/gmv-lohr.de\/index.php\/wp-json\/wp\/v2\/pages\/59\/revisions\/2430"}],"up":[{"embeddable":true,"href":"https:\/\/gmv-lohr.de\/index.php\/wp-json\/wp\/v2\/pages\/99"}],"wp:attachment":[{"href":"https:\/\/gmv-lohr.de\/index.php\/wp-json\/wp\/v2\/media?parent=59"}],"curies":[{"name":"wp","href":"https:\/\/api.w.org\/{rel}","templated":true}]}}