{"id":628,"date":"2017-01-05T21:23:16","date_gmt":"2017-01-05T20:23:16","guid":{"rendered":"https:\/\/www.gmv-lohr.de\/?page_id=628"},"modified":"2023-06-08T11:50:54","modified_gmt":"2023-06-08T09:50:54","slug":"museen","status":"publish","type":"page","link":"https:\/\/gmv-lohr.de\/index.php\/hist-organisationen-der-region\/museen\/","title":{"rendered":"Museen"},"content":{"rendered":"<p><strong><a><br \/>\n<\/a><a><br \/>\n<span style=\"color: #000000;\">\u00dcber <\/span><\/a><span style=\"color: #000000;\"><span style=\"color: #3366ff;\"><a style=\"color: #3366ff;\" href=\"http:\/\/www.frankentourismus.de\" target=\"_blank\" rel=\"noopener\">DIESEN<\/a><\/span> Link gelangen Sie zu mehr als 200 Museen in ganz Franken. Und zu noch viel mehr! Und Franken ist gro\u00df!<\/span><\/strong><\/p>\n<p><span style=\"color: #000000;\">Bis Sie die alle gesehen haben, wird viel Zeit vergehen ? ?<\/span><\/p>\n<p>In Lohr finden Sie neben dem Spessart- und dem Schulmuseum auch noch das einzigartige <a href=\"http:\/\/www.isolatorenmuseum.de\" target=\"_blank\" rel=\"noopener\">ISOLATORENMUSEUM<\/a><br \/>\n<a><br \/>\n<span style=\"color: #000000;\">Wenn Sie nicht so weit fahren wollen, dann machen Sie sich auf\u00a0nach:<\/span><\/a><\/p>\n<p><span style=\"color: #000000;\"><strong>PARTENSTEIN<\/strong><\/span><\/p>\n<p><span style=\"color: #000000;\">Volkskundliches Museum Ahler Kr\u00e5m Am Herrenhof 8<\/span><br \/>\n<span style=\"color: #000000;\"> Altes Schulhaus, neben der evang. Kirche<\/span><br \/>\n<span style=\"color: #000000;\"> 97846 Partenstein<\/span><\/p>\n<p><span style=\"color: #000000;\">Tel.: 0 93 55 \/ 97 21-20<\/span><br \/>\n<span style=\"color: #000000;\"> Fax: 0 93 55 \/ 97 21-22<\/span><\/p>\n<p><span style=\"color: #000000;\">Ge\u00f6ffnet ab Ostern 2015 jeden 1. und 3. Sonntag im Monat von 14 bis 16 Uhr, sowie an Feiertagen und nach Vereinbarung.<\/span><\/p>\n<p><span style=\"color: #000000;\">Das Partensteiner Museum Ahler Kr\u00e5m verdankte seine Gr\u00fcndung der Initiative des Privatsammlers und Arztes Dr. Eugen N\u00e4tscher. Heute befindet sich die Sammlung im ehemaligen Volksschulhaus von 1894. Auf drei Etagen werden die feudalen Zeiten, das l\u00e4ndliche Leben und die industriellen Anf\u00e4nge einer Spessartgemeinde veranschaulicht.<\/span><\/p>\n<p><a><br \/>\n<span style=\"color: #000000;\"><strong>FRAMMERSBACH<\/strong><\/span><\/a><\/p>\n<p><span style=\"color: #3366ff;\"><a style=\"color: #3366ff;\" href=\"http:\/\/www.fuhrmannundschneidermuseum.de\" target=\"_blank\" rel=\"noopener\">Fuhrmann- und Schneider-Museum<\/a><\/span><\/p>\n<p><span style=\"color: #000000;\"> <strong>KARLSTADT<\/strong><\/span><br \/>\n<span style=\"color: #3366ff;\"> <a style=\"color: #3366ff;\" href=\"http:\/\/www.historischer-verein-karlstadt.de\/index.php\/stadtgeschichte-museum\" target=\"_blank\" rel=\"noopener\">Stadtgeschichtliches Museum<\/a><\/span><\/p>\n<p><span style=\"color: #000000;\"> <strong>GEM\u00dcNDEN<\/strong><\/span><br \/>\n<span style=\"color: #3366ff;\"> <a style=\"color: #3366ff;\" href=\"http:\/\/www.film-photo-ton.de\/index.php\" target=\"_blank\" rel=\"noopener\">Film-Photo-Ton-Museum<\/a><\/span><\/p>\n<p><span style=\"color: #000000;\"> <strong>MARKTHEIDENFELD<\/strong><\/span><br \/>\n<span style=\"color: #3366ff;\"> <a style=\"color: #3366ff;\" href=\"http:\/\/stadt-marktheidenfeld.de\/kultur-tourismus\/sehenswurdigkeiten\/franck-haus\/var\/term=galerie#galerie\" target=\"_blank\" rel=\"noopener\">Franck-Haus<\/a><\/span><\/p>\n","protected":false},"excerpt":{"rendered":"<p>\u00dcber DIESEN Link gelangen Sie zu mehr als 200 Museen in ganz Franken. Und zu noch viel mehr! Und Franken ist gro\u00df! Bis Sie die alle gesehen haben, wird viel Zeit vergehen ? ? In Lohr finden Sie neben dem Spessart- und dem Schulmuseum auch noch das einzigartige ISOLATORENMUSEUM Wenn Sie nicht so weit fahren [&hellip;]<\/p>\n","protected":false},"author":1,"featured_media":0,"parent":166,"menu_order":0,"comment_status":"closed","ping_status":"closed","template":"","meta":{"footnotes":""},"_links":{"self":[{"href":"https:\/\/gmv-lohr.de\/index.php\/wp-json\/wp\/v2\/pages\/628"}],"collection":[{"href":"https:\/\/gmv-lohr.de\/index.php\/wp-json\/wp\/v2\/pages"}],"about":[{"href":"https:\/\/gmv-lohr.de\/index.php\/wp-json\/wp\/v2\/types\/page"}],"author":[{"embeddable":true,"href":"https:\/\/gmv-lohr.de\/index.php\/wp-json\/wp\/v2\/users\/1"}],"replies":[{"embeddable":true,"href":"https:\/\/gmv-lohr.de\/index.php\/wp-json\/wp\/v2\/comments?post=628"}],"version-history":[{"count":19,"href":"https:\/\/gmv-lohr.de\/index.php\/wp-json\/wp\/v2\/pages\/628\/revisions"}],"predecessor-version":[{"id":2294,"href":"https:\/\/gmv-lohr.de\/index.php\/wp-json\/wp\/v2\/pages\/628\/revisions\/2294"}],"up":[{"embeddable":true,"href":"https:\/\/gmv-lohr.de\/index.php\/wp-json\/wp\/v2\/pages\/166"}],"wp:attachment":[{"href":"https:\/\/gmv-lohr.de\/index.php\/wp-json\/wp\/v2\/media?parent=628"}],"curies":[{"name":"wp","href":"https:\/\/api.w.org\/{rel}","templated":true}]}}

<p><strong><a><br />
</a><a><br />
<span style="color: #000000;">Über </span></a><span style="color: #000000;"><span style="color: #3366ff;"><a style="color: #3366ff;" href="http://www.frankentourismus.de" target="_blank" rel="noopener">DIESEN</a></span> Link gelangen Sie zu mehr als 200 Museen in ganz Franken. Und zu noch viel mehr! Und Franken ist groß!</span></strong></p>
<p><span style="color: #000000;">Bis Sie die alle gesehen haben, wird viel Zeit vergehen ? ?</span></p>
<p>In Lohr finden Sie neben dem Spessart- und dem Schulmuseum auch noch das einzigartige <a href="http://www.isolatorenmuseum.de" target="_blank" rel="noopener">ISOLATORENMUSEUM</a><br />
<a><br />
<span style="color: #000000;">Wenn Sie nicht so weit fahren wollen, dann machen Sie sich auf nach:</span></a></p>
<p><span style="color: #000000;"><strong>PARTENSTEIN</strong></span></p>
<p><span style="color: #000000;">Volkskundliches Museum Ahler Kråm Am Herrenhof 8</span><br />
<span style="color: #000000;"> Altes Schulhaus, neben der evang. Kirche</span><br />
<span style="color: #000000;"> 97846 Partenstein</span></p>
<p><span style="color: #000000;">Tel.: 0 93 55 / 97 21-20</span><br />
<span style="color: #000000;"> Fax: 0 93 55 / 97 21-22</span></p>
<p><span style="color: #000000;">Geöffnet ab Ostern 2015 jeden 1. und 3. Sonntag im Monat von 14 bis 16 Uhr, sowie an Feiertagen und nach Vereinbarung.</span></p>
<p><span style="color: #000000;">Das Partensteiner Museum Ahler Kråm verdankte seine Gründung der Initiative des Privatsammlers und Arztes Dr. Eugen Nätscher. Heute befindet sich die Sammlung im ehemaligen Volksschulhaus von 1894. Auf drei Etagen werden die feudalen Zeiten, das ländliche Leben und die industriellen Anfänge einer Spessartgemeinde veranschaulicht.</span></p>
<p><a><br />
<span style="color: #000000;"><strong>FRAMMERSBACH</strong></span></a></p>
<p><span style="color: #3366ff;"><a style="color: #3366ff;" href="http://www.fuhrmannundschneidermuseum.de" target="_blank" rel="noopener">Fuhrmann- und Schneider-Museum</a></span></p>
<p><span style="color: #000000;"> <strong>KARLSTADT</strong></span><br />
<span style="color: #3366ff;"> <a style="color: #3366ff;" href="http://www.historischer-verein-karlstadt.de/index.php/stadtgeschichte-museum" target="_blank" rel="noopener">Stadtgeschichtliches Museum</a></span></p>
<p><span style="color: #000000;"> <strong>GEMÜNDEN</strong></span><br />
<span style="color: #3366ff;"> <a style="color: #3366ff;" href="http://www.film-photo-ton.de/index.php" target="_blank" rel="noopener">Film-Photo-Ton-Museum</a></span></p>
<p><span style="color: #000000;"> <strong>MARKTHEIDENFELD</strong></span><br />
<span style="color: #3366ff;"> <a style="color: #3366ff;" href="http://stadt-marktheidenfeld.de/kultur-tourismus/sehenswurdigkeiten/franck-haus/var/term=galerie#galerie" target="_blank" rel="noopener">Franck-Haus</a></span></p>

<p>Über DIESEN Link gelangen Sie zu mehr als 200 Museen in ganz Franken. Und zu noch viel mehr! Und Franken ist groß! Bis Sie die alle gesehen haben, wird viel Zeit vergehen ? ? In Lohr finden Sie neben dem Spessart- und dem Schulmuseum auch noch das einzigartige ISOLATORENMUSEUM Wenn Sie nicht so weit fahren [&hellip;]</p>
