{"id":797,"date":"2017-01-11T13:27:51","date_gmt":"2017-01-11T12:27:51","guid":{"rendered":"https:\/\/www.gmv-lohr.de\/?page_id=797"},"modified":"2024-06-02T23:04:03","modified_gmt":"2024-06-02T21:04:03","slug":"das-archaeologische-spessartprojekt","status":"publish","type":"page","link":"https:\/\/gmv-lohr.de\/index.php\/das-archaeologische-spessartprojekt\/","title":{"rendered":"Arch\u00e4ologische Arbeit im Spessart"},"content":{"rendered":"<p><a>\u00a0<\/a><\/p>\n<p>Arch\u00e4ologie im Spessart? Da gibt es doch nichts zu graben. Oder? Schon seit dem 18. Jahrhundert wurde im Spessart viel ergraben, manches dabei leider auch zerst\u00f6rt. Inzwischen sind die Profis am Werk:<\/p>\n<p style=\"text-align: center;\"><span style=\"color: #000000;\"><strong>Das &#8222;Arch\u00e4ologische Spessartprojekt&#8220; (ASP) hat Landschaft und Geschichte der Region in den letzten eineinhalb Jahrzehnten buchst\u00e4blich umgegraben und wird es zum Gl\u00fcck auch weiterhin tun.<\/strong><\/span><\/p>\n<p style=\"text-align: center;\"><strong><span style=\"color: #000000;\">Verfolgen Sie seine Arbeit <a href=\"https:\/\/www.spessartprojekt.de\">HIER<\/a><\/span><\/strong><\/p>\n<p>&nbsp;<\/p>\n<p>&nbsp;<\/p>\n<p><strong>Ein ganz wichtiges Kapitel der Geschichte: Grenzsteine!<\/strong> HIER gelangen Sie zum <a href=\"https:\/\/www.grenzmale-hessen.com\">Verein zur Pflege historischer Grenzmale in Hessen<\/a><\/p>\n<p>Informieren Sie sich \u00fcber die Geschichte der <strong>Burglandschaft Spessart und Odenwald<\/strong> auch bei<\/p>\n<p style=\"text-align: center;\"><a href=\"http:\/\/burglandschaft.de\" target=\"_blank\" rel=\"noopener noreferrer\">&#8222;Burglandschaft &#8211; Eine Zeitreise im Main4Eck&#8220;!<\/a><\/p>\n<p><strong>Wenn auch nicht im Spessart: Experimentelle Arch\u00e4ologie: Eine h\u00f6chst spannende Angelegenheit:<\/strong><\/p>\n<p><a href=\"http:\/\/www.exar.org\/?lang=de\" target=\"_blank\" rel=\"noopener noreferrer\">Europ\u00e4ische Vereinigung zur F\u00f6rderung der Experimentellen Arch\u00e4ologie<\/a><br \/>\n<a href=\"http:\/\/www.campus-galli.de\" target=\"_blank\" rel=\"noopener noreferrer\">Campus Galli &#8211; Eine einzigartige Zeitreise<\/a><br \/>\n<a href=\"http:\/\/www.guedelon.fr\/de\/vorstellung_103.html\" target=\"_blank\" rel=\"noopener noreferrer\">Gu\u00e9delon &#8211; Das Mittelalterabenteuer<\/a><\/p>\n","protected":false},"excerpt":{"rendered":"<p>\u00a0 Arch\u00e4ologie im Spessart? Da gibt es doch nichts zu graben. Oder? Schon seit dem 18. Jahrhundert wurde im Spessart viel ergraben, manches dabei leider auch zerst\u00f6rt. Inzwischen sind die Profis am Werk: Das &#8222;Arch\u00e4ologische Spessartprojekt&#8220; (ASP) hat Landschaft und Geschichte der Region in den letzten eineinhalb Jahrzehnten buchst\u00e4blich umgegraben und wird es zum Gl\u00fcck [&hellip;]<\/p>\n","protected":false},"author":1,"featured_media":0,"parent":0,"menu_order":0,"comment_status":"closed","ping_status":"closed","template":"","meta":{"footnotes":""},"_links":{"self":[{"href":"https:\/\/gmv-lohr.de\/index.php\/wp-json\/wp\/v2\/pages\/797"}],"collection":[{"href":"https:\/\/gmv-lohr.de\/index.php\/wp-json\/wp\/v2\/pages"}],"about":[{"href":"https:\/\/gmv-lohr.de\/index.php\/wp-json\/wp\/v2\/types\/page"}],"author":[{"embeddable":true,"href":"https:\/\/gmv-lohr.de\/index.php\/wp-json\/wp\/v2\/users\/1"}],"replies":[{"embeddable":true,"href":"https:\/\/gmv-lohr.de\/index.php\/wp-json\/wp\/v2\/comments?post=797"}],"version-history":[{"count":30,"href":"https:\/\/gmv-lohr.de\/index.php\/wp-json\/wp\/v2\/pages\/797\/revisions"}],"predecessor-version":[{"id":2434,"href":"https:\/\/gmv-lohr.de\/index.php\/wp-json\/wp\/v2\/pages\/797\/revisions\/2434"}],"wp:attachment":[{"href":"https:\/\/gmv-lohr.de\/index.php\/wp-json\/wp\/v2\/media?parent=797"}],"curies":[{"name":"wp","href":"https:\/\/api.w.org\/{rel}","templated":true}]}}