{"id":964,"date":"2017-01-13T16:28:34","date_gmt":"2017-01-13T15:28:34","guid":{"rendered":"https:\/\/www.gmv-lohr.de\/?page_id=964"},"modified":"2017-01-14T20:19:05","modified_gmt":"2017-01-14T19:19:05","slug":"aus-geschichte-lernen","status":"publish","type":"page","link":"https:\/\/gmv-lohr.de\/index.php\/aus-geschichte-lernen\/","title":{"rendered":"Aus Geschichte lernen?"},"content":{"rendered":"<p style=\"text-align: center;\">\u201e<em>Bernhard von Chartres sagte, wir seien gleichsam Zwerge, die auf den Schultern von Riesen sitzen, um mehr und Entfernteres als diese sehen zu k\u00f6nnen \u2013 freilich nicht dank eigener scharfer Sehkraft oder K\u00f6rpergr\u00f6\u00dfe, sondern weil die Gr\u00f6\u00dfe der Riesen uns emporhebt.<\/em>\u201c<\/p>\n<p style=\"text-align: center;\">&#8211; John of Salisbury (ca. 1120 &#8211; 1180): Metalogicon 3,4,46-50 &#8211;<\/p>\n<p>&nbsp;<\/p>\n<p style=\"text-align: left;\"><span style=\"color: #000000;\">Sind wir solche Zwerge? Wie ein Mantra erscheint immer wieder auch der August Bebel zugeschriebene Satz &#8222;Nur wer die Vergangenheit kennt, kann die Geschichte verstehen und die Zukunft gestalten&#8220;. Lernen wir wirklich aus der Geschichte? Lernt die Kanzlerin etwas f\u00fcr die eigene Politik, wenn sie die Ausstellung zu Kaiser Karl IV. in N\u00fcrnberg besucht? N\u00fctzt es, wenn ein B\u00fcrgermeister die mittelalterliche Geschichte seiner Kommune kennt? Ist es sinnvoll, im Spessart Burgen auszugraben?<\/span><\/p>\n<p style=\"text-align: left;\"><span style=\"color: #000000;\">Mit dem &#8222;Lernen aus der Geschichte&#8220; ist es nicht so einfach, wie wir es gerne h\u00e4tten. Es bleibt uns aber nichts anderes \u00fcbrig, als es zu versuchen und darauf zu vertrauen, dass dem so sei. Die folgenden Texte und Links f\u00fchren zu Texten, die sich kritisch mit Geschichte und Geschichtswissenschaft besch\u00e4ftigen (der Historiker muss immer wieder den Sinn seines Tuns hinterfragen). Und sie f\u00fchren zu Organisationen, die eben jenes schwierige Ziel verfolgen: Mit Hilfe der Geschichte tats\u00e4chlich zu lernen. Denn die Zukunft kommt schon morgen.<\/span><\/p>\n<p>&nbsp;<br \/>\n<span style=\"color: #ff0000;\"><strong>Texte und Videos:<\/strong><\/span><\/p>\n<p><strong>Immanuel Kant: <\/strong><strong><a href=\"http:\/\/gutenberg.spiegel.de\/buch\/-3505\/1\" target=\"_blank\">Was ist Aufkl\u00e4rung?<\/a><\/strong><\/p>\n<p><strong>Friedrich Schiller: <\/strong><strong><a href=\"http:\/\/gutenberg.spiegel.de\/buch\/-3307\/1\" target=\"_blank\">Was hei\u00dft und zu welchem Ende studiert man Universalgeschichte?<\/a><\/strong><\/p>\n<p><strong>Thomas Schmid: <\/strong><strong><a href=\"http:\/\/schmid.welt.de\/2015\/07\/16\/kann-man-aus-der-geschichte-lernen\/\" target=\"_blank\">Geschichte ereignet sich. Deshalb ist es schwer, aus ihr zu lernen.<\/a><\/strong><\/p>\n<p><strong>Michael St\u00fcrmer: <a href=\"https:\/\/www.welt.de\/print-welt\/article378915\/Wer-aus-der-Geschichte-lernen-will-muss-Irrwege-gehen.html\" target=\"_blank\">Wer aus der Geschichte lernen will, muss Irrwege gehen<\/a><\/strong><\/p>\n<p><strong>Heinrich August Winkler: <a href=\"http:\/\/www.zeit.de\/2004\/14\/winkler\" target=\"_blank\">Aus der Geschichte lernen?<\/a><\/strong><\/p>\n<p><strong>Die Kolumnisten: <a href=\"http:\/\/diekolumnisten.de\/2016\/01\/11\/kann-man-aus-der-geschichte-lernen-anmerkungen-zu-einer-kontroverse\/\" target=\"_blank\">Kann man aus der Geschichte lernen?<\/a><\/strong><\/p>\n<p><strong>Wolfgang Benz: <a href=\"http:\/\/www.jetzt.de\/aus-geschichte-lernen\/wolfgang-benz-im-interview\" target=\"_blank\">Haben wir denn nichts aus der Vergangenheit gelernt?<\/a><\/strong><\/p>\n<p><strong><a href=\"https:\/\/www.youtube.com\/playlist?list=PLOtuFs-yX0nGC3wrHmWlP3k_SfHMhjw3t\" target=\"_blank\">Videoserie &#8222;100 Jahre&#8220;<\/a><\/strong><\/p>\n<p><strong><a href=\"http:\/\/www.arte.tv\/guide\/de\/plus7\/geschichte\" target=\"_blank\">ARTE Mediathek Geschichte<\/a><\/strong><\/p>\n<p><strong><a href=\"https:\/\/www.zdf.de\/geschichte\" target=\"_blank\">ZDF Mediathek Geschichte<\/a><\/strong><\/p>\n<p>&nbsp;<\/p>\n<p><span style=\"color: #ff0000;\"><strong>Organisationen und Portale:<\/strong><\/span><\/p>\n<p><strong><strong><a href=\"http:\/\/www.blz.bayern.de\/blz\/blz\/index.asp\" target=\"_blank\">Bayerische Landeszentrale f\u00fcr politische Bildungsarbeit<\/a><\/strong><\/strong><\/p>\n<p><strong><a href=\"http:\/\/www.bpb.de\" target=\"_blank\">Bundeszentrale f\u00fcr politische Bildung<\/a><\/strong><\/p>\n<p><strong><a href=\"https:\/\/www.perlentaucher.de\/buchKSL\/sachbuch.html\" target=\"_blank\">B\u00fccherliste bei &#8222;Perlentaucher&#8220;<\/a><\/strong><\/p>\n<p><strong><a href=\"http:\/\/www.geschichte-lernen.net\" target=\"_blank\">Geschichte lernen<\/a><\/strong><\/p>\n<p><strong><a href=\"http:\/\/lernen-aus-der-geschichte.de\/Lernen-und-Lehren\" target=\"_blank\">Lernen aus der Geschichte<\/a><\/strong><\/p>\n<p><strong><a href=\"https:\/\/www.dhm.de\/lemo\/\" target=\"_blank\">Lebendiges Museum online<\/a><\/strong><strong><\/p>\n<p><strong><a href=\"https:\/\/www.swp-berlin.org\" target=\"_blank\">Stiftung Wissenschaft und Politik<\/a><\/strong><\/strong><\/p>\n<p><strong><a href=\"http:\/\/www.zeitgeschichte-online.de\" target=\"_blank\">Zeitgeschichte online<\/a><\/strong><\/p>\n<p><strong><a href=\"http:\/\/www.zeithistorische-forschungen.de\" target=\"_blank\">Zeithistorische Forschungen<\/a><\/strong><\/p>\n","protected":false},"excerpt":{"rendered":"<p>\u201eBernhard von Chartres sagte, wir seien gleichsam Zwerge, die auf den Schultern von Riesen sitzen, um mehr und Entfernteres als diese sehen zu k\u00f6nnen \u2013 freilich nicht dank eigener scharfer Sehkraft oder K\u00f6rpergr\u00f6\u00dfe, sondern weil die Gr\u00f6\u00dfe der Riesen uns emporhebt.\u201c &#8211; John of Salisbury (ca. 1120 &#8211; 1180): Metalogicon 3,4,46-50 &#8211; &nbsp; Sind wir [&hellip;]<\/p>\n","protected":false},"author":1,"featured_media":0,"parent":0,"menu_order":0,"comment_status":"closed","ping_status":"closed","template":"","meta":{"footnotes":""},"_links":{"self":[{"href":"https:\/\/gmv-lohr.de\/index.php\/wp-json\/wp\/v2\/pages\/964"}],"collection":[{"href":"https:\/\/gmv-lohr.de\/index.php\/wp-json\/wp\/v2\/pages"}],"about":[{"href":"https:\/\/gmv-lohr.de\/index.php\/wp-json\/wp\/v2\/types\/page"}],"author":[{"embeddable":true,"href":"https:\/\/gmv-lohr.de\/index.php\/wp-json\/wp\/v2\/users\/1"}],"replies":[{"embeddable":true,"href":"https:\/\/gmv-lohr.de\/index.php\/wp-json\/wp\/v2\/comments?post=964"}],"version-history":[{"count":44,"href":"https:\/\/gmv-lohr.de\/index.php\/wp-json\/wp\/v2\/pages\/964\/revisions"}],"predecessor-version":[{"id":1050,"href":"https:\/\/gmv-lohr.de\/index.php\/wp-json\/wp\/v2\/pages\/964\/revisions\/1050"}],"wp:attachment":[{"href":"https:\/\/gmv-lohr.de\/index.php\/wp-json\/wp\/v2\/media?parent=964"}],"curies":[{"name":"wp","href":"https:\/\/api.w.org\/{rel}","templated":true}]}}